 + 0))
-8
18 + (2 - 13) + -13
-6
Calculate 2 - ((2 - -4) + -1).
-3
Calculate -4 - (-2 + (2 - 8)) - 4.
0
Calculate 19 + -3 + 13 + -27.
2
3 - (22 + -11 - (2 - 3))
-9
Calculate 36 + -33 - (1 + (1 - -2)).
-1
-2 - 2 - (4 + -9 - -3)
-2
What is the value of -21 + -14 + 29 + (8 - 2)?
0
4 + (-6 + 1 - -5)
4
Calculate 0 + -1 - (-6 - -5).
0
0 + 2 + -2 - -1
1
What is the value of 6 - (-2 + -4) - (-5 + 10)?
7
0 - (1 + -5 + 4) - -2
2
What is the value of 7 + 3 + -5 - 4?
1
Calculate (-1 + 0 - -7) + -3.
3
-7 + (0 - (0 + (-1 - 2)))
-4
Evaluate 3 - (10 + -3) - -2.
-2
Calculate -4 + (11 - 12) + (0 - -4).
-1
Calculate -25 + -2 - -10 - -15.
-2
Evaluate (-2 - (1 + -3 + -4)) + -4.
0
Calculate (1 - -7) + (-4 - (-2 - -4)).
2
What is the value of -1 + 5 - (2 + (-3 - -2))?
3
Evaluate 6 + -4 + -6 + 2.
-2
What is the value of 1 - -3 - (-65 - -65)?
4
What is the value of -1 + 0 + (-6 + 12 - 4)?
1
(-40 - -43) + -12 + 0
-9
(36 - 30) + (2 - 13)
-5
Evaluate -5 - -4 - (2 + (-1 - 2)).
0
Evaluate (3 - 2) + -26 + 28.
3
What is the value of 17 + -21 - (-1 - (-2 + 3))?
-2
Calculate 3 + -6 - (12 - 5).
-10
Evaluate (-2 - (-8 + 10)) + 0.
-4
What is -5 + (12 - 3) - 0?
4
Evaluate 0 + -1 + 5 + -6 + -3.
-5
Evaluate 8 - (2 + 2) - 0.
4
Evaluate 2 - 6 - -5 - 1 - -4.
4
Calculate (-1 - 4 - -8) + -6 + -1.
-4
-21 + 22 + -4 + 4
1
-3 + 0 - (0 + (1 - 3))
-1
What is the value of -8 + (-1 - -5 - 0)?
-4
What is the value of (-5 - (-4 + -1 + 1)) + 2?
1
What is the value of -16 + 16 + 2 + (2 - -3)?
7
What is the value of (-1 - 0) + (-10 - -7)?
-4
What is 2 - (-3 + 8) - (1 - 0)?
-4
What is the value of 2 + -10 + 16 + (-2 - 6)?
0
What is (-5 + -1 - -11) + (-6 - 0)?
-1
Calculate -2 + (-1 - -1) + 2.
0
What is the value of 1 + -2 - (0 + (7 - -2))?
-10
Calculate -5 + (4 - 5 - -9).
3
What is the value of 0 + -1 + (-3 - -4) + -1?
-1
Evaluate 0 - (3 + 2 + -12).
7
What is 4 + 3 - (1 + (-2 - -5))?
3
What is -2 - -6 - (1 + -6 + 4)?
5
0 - -4 - (9 - (10 - 0))
5
Evaluate 9 - 15 - (3 + -8).
-1
-3 + 3 + -4 + 2 - -2
0
Calculate 2 + (-6 - -5) + 6.
7
What is (-3 - -3) + 2 + -1 + 3?
4
Calculate -2 - ((17 - 5) + -9).
-5
What is the value of -5 + (-5 - 1) + 11?
0
Calculate 8 - (9 + 9 + -12).
2
What is the value of 5 + -3 + 1 + -2?
1
Calculate (2 - (-3 + 7)) + 2.
0
Calculate -76 + 71 + (0 + 1 - 1).
-5
Calculate (3 - (2 + -3)) + -5 + -1.
-2
0 - (5 + -3 - -4)
-6
-2 + (9 + 2 + 0 - 2)
7
Calculate 4 - (0 - (-1 - 6) - 1).
-2
Calculate (-1 - -1 - -1) + -2.
-1
What is the value of 7 - (9 + -3 + 4 + -3)?
0
Calculate -1 - ((-5 - -2) + 5) - -7.
4
Calculate -15 - (-7 - (0 + -2)).
-10
(-2 - 1 - -1) + 3
1
Calculate -1 + 1 + -1 + (4 - -2).
5
What is the value of 3 - (-5 + 3 + 1 - 0)?
4
What is the value of 0 + 2 + -5 + 0?
-3
Calculate 2 + 3 + (1 - 2).
4
Evaluate (-2 - (2 + -1)) + 3.
0
What is (-11 - (-6 - 2)) + (0 - 1)?
-4
What is the value of 1 - (-1 + 11 + -4)?
-5
What is the value of 20 + -15 - (7 + (-2 - -2))?
-2
(4 + -3 - (3 + -5)) + -2
1
What is the value of 4 - (10 + -3 - 4 - -2)?
-1
What is the value of 7 + (12 - 13) + -7?
-1
Evaluate -3 - (8 - 0 - 5).
-6
What is 6 + (1 - -2) + -12?
-3
Evaluate -1 + (-5 - (-4 - 2)).
0
-4 + 7 - (9 + -5)
-1
What is 2 - (18 + -18 - (-2 - 5))?
-5
What is 4 + -4 + 1 + 5 - 2?
4
5 - (-1 + -1 + (-2 - -5))
4
What is the value of -1 + -1 + 2 + 0 + -4?
-4
What is -5 - (1 - (-1 + 4 - 1))?
-4
Evaluate -12 + 10 + -6 + 11.
3
-57 + 65 + -11 + 2
-1
What is the value of 2 + (-1 + 1 + 1 - 4)?
-1
Calculate -7 - 1 - (-49 + 34).
7
Evaluate -9 + -1 + 0 + 7.
-3
Calculate 0 - (-7 - (-1 + -2) - -3).
1
Calculate (0 - 6) + 5 - -2.
1
What is (-1 - (-4 - -2)) + -5?
-4
What is (-5 - (-23 + 13)) + -9?
-4
What is (-4 - (-14 - -7)) + -6?
-3
Calculate (-8 - (-7 - -4)) + (5 - 1).
-1
Calculate -14 - (-16 - -8) - (0 + 0).
-6
Calculate 0 + 3 - (-1 + 17 - 7).
-6
Evaluate 17 + 13 + -36 + 12.
6
What is the value of -1 - (-3 - (-1 + 0 - -2))?
3
What is the value of 0 - (3 - (5 - 11))?
-9
Calculate (-1 - 1) + -6 - -4.
-4
What is (5 - 5 - 6 - -6) + -6?
-6
What is the value of (-12 - -12) + (0 - -3)?
3
2 + -2 - (-1 - 0)
1
What is -5 - (-4 + (0 - 2) - -6)?
-5
3 + (7 - 20) + 4
-6
Calculate (13 - 11) + -6 + -1.
-5
What is the value of -5 - (-6 + (-5 - -3))?
3
Evaluate -2 + 3 + -4 + 5.
2
Calculate 6 + (-6 - (2 + 3 - -2)).
-7
Evaluate -2 + -1 + 1 + -2 + 0.
-4
-5 - -2 - (-3 - (-8 + 7))
-1
What is the value of -1 - ((-2 - -2) + -4)?
3
What is the value of -5 - (-16 - (-8 - -1))?
4
What is the value of -9 + 1 - (-5 + (2 - 2))?
-3
Calculate -9 - (0 + -7) - (4 + 0).
-6
What is the value of 5 + -17 + (9 - 4) - -5?
-2
Evaluate (-12 - -3) + 18 - 3.
6
Calculate -8 + (-15 - -14) + (3 - -2).
-4
Evaluate (0 - -3) + -9 - -7.
1
What is the value of -2 + (0 - -1 - (-13 - -12))?
0
(-1 - 2) + (3 - 9) + 13
4
Evaluate 23 + -19 + (-1 - -5).
8
Calculate -2 - (2 + (3 - 1) + -6).
0
What is 5 - (2 + -3 - (-17 - -9))?
-2
Evaluate 3 + 1 - (-4 - 10 - -10).
8
Calculate (25 - 15) + -7 + 8.
11
Evaluate (2 - -9 - 17) + -1 + 5.
-2
Calculate 73 + -77 - (3 + -1 - 1).
-5
What is 10 + (-10 - (5 + -2))?
-3
Evaluate -4 + 7 + -4 + -1.
-2
Evaluate 8 + (0 - 19 - -7).
-4
What is the value of -5 + -14 + 6 + 6?
-7
Calculate 0 + 3 + -7 + 4 - -3.
3
What is the value of 1 + -2 + -6 + (2 - 0)?
-5
Evaluate -2 + 4 - (7 - 1).
-4
What is -10 + (2 - 4) + (6 - 0)?
-6
Calculate 13 - 5 - (14 - 6).
0
What is 11 + -6 + 2 + -6 - -3?
4
0 + (0 - -3) - (2 - 0)
1
What is -1 + (-6 - (-3 - (-3 - -9)))?
2
Calculate 1 + (-2 + 4 - 3 - -4).
4
What is 16 + -26 - (1 + -1 - 1)?
-9
What is 63 + -64 + (-4 + 2 - -2)?
-1
Calculate (-1 - -2) + -2 + 4.
3
What is the value of -5 - -1 - ((8 - 1) + -6)?
-5
13 + (-16 - (1 + -10))
6
Evaluate 5 + (-1 - 2) + -10 - -3.
-5
Evaluate (3 - -1) + -4 + -2.
-2
What is -3 - (-1 + 1) - -8?
5
Evaluate -7 + 5 - (8 - 4).
-6
Evaluate (-23 - (-9 - -1)) + 9.
-6
Evaluate 6 - (2 + -3 + 9).
-2
What is the value of 4 + (4 - 2) + (11 - 9)?
8
0 + -3 + (18 + 3 - 15)
3
What is the value of 3 - (-1 + -5 + 3)?
6
Calculate 9 + (-2 - (-8 + 9)).
6
Evaluate 94 + -107 - (-11 + 0).
-2
Evaluate 9 + -5 + (6 - (4 + 3)).
3
What is -141 + 144 + (-2 - (-3 + -1))?
5
Calculate -3 + 0 + 7 + 0.
4
Evaluate -6 + 16 + (-18 - -6).
-2
Calculate -30 + 30 - (2 - 1 - 4).
3
-14 + -3 - (-3 + 0) - -8
-6
(10 - 13) + -1 + -2 + 11
5
Evaluate (-85 - -89) + -1 + (-2 - 3).
-2
Calculate -7 - (71 + -70 + 1 + -5).
-4
Evaluate 31 + -38 + 3 + 8.
4
What is the value of 10 - (10 + 4 + -9)?
5
Evaluate 1 + -2 + (-12 + 4 - -4).
-5
Calculate (0 - -8) + (1 - 5).
4
Calculate -2 + 1 + 3 + (-14 - -11).
-1
What is the value of 3 - (-7 + 7 - -2 - 1)?
2
Calculate 1 - (2 + (6 - 2)).
-5
Calculate -3 + 0 - (-3 - 0).
0
What is the value of (10 - (4 + -1)) + -2 - 4?
1
What is -1 - ((7 - 4) + 2)?
-6
(1 - (-6 + 6)) + 1 + -5
-3
-4 + (3 - (0 + -1 + 1))
-1
Evaluate 1 - (-1 + 1 + 0 + 1).
0
What is the value of -6 + 6 + 4 + -1?
3
Evaluate 1 - ((-1 - 2) + 6).
-2
29 + -22 - (-1 - -15)
-7
What is (-4 - (-7 + 1 + 2)) + -1?
-1
-3 + -3 + 5 + -5
-6
What is the value of -32 - -26 - (-1 + -6)?
1
Calculate (8 - 3) + (-14 - -10).
1
Calculate (-8 - -3) + -1 + 6.
0
Evaluate (-3 - -7) + -2 + 0 - -1.
3
What is the value of (-25 - (1 + -11)) + 6 + 0?
-9
Calculate (-34 - -27) + (5 - -1).
-1
(67 - 70) + 6 + 0
3
Evaluate -5 + (-8 + 2 - -10).
-1
Evaluate (-3 - (0 - -2)) + 4.
-1
What is the value of 23 + -11 + (-19 - -1)?
-6
Calculate -8 - (6 + -6 + -5).
-3
-4 + (3 - 1 - (12 + -7))
-7
What is the value of 9 - (-3 + 11 - 2)?
3
What is the value of (-3 - (-4 + -3)) + -1?
3
What is -12 + 23 + -6 + 5?
10
Evaluate 19 + -18 - (-13 + 6).
8
What is -2 + (-4 + 2 - -1)?
-3
Evaluate 5 - (1 - (-2 + -6)).
-4
What is (-1 - -8 - (-7 - -15)) + -8?
-9
Calculate (-2 + 4 - (9 + -6)) + 2.
1
What is (5 - 1) + -30 + 21?
-5
What is the value of (0 + 7 + -6 - -8) + -5?
4
What is the value of 0 + -1 - (-12 + (9 - -4))?
-2
What is the value of -9 + (-2 + -4 - (-3 - 8))?
-4
Evaluate 5 - (3 + (-5 - -5)).
2
7 + -1 + 2 + -3
5
Calculate -6 + 1 + (45 - 39).
1
What is the value of (0 - -1) + 1 + -7 - -9?
4
What is 2 - (-3 + 5 - -2)?
-2
Evaluate -1 + -1 + (0 - 3 - -4).
-1
What is (3 - ((-2 - -1) + 3)) + 0?
1
What is (-12 + 22 - 8) + -11?
-9
What is the value of 1 + -1 + (-13 - -16)?
3
What is (2 - 1) + 1 + 4 + -3?
3
What is the value of (9 - 11) + (-1 - 0) + 4?
1
Calculate 1 + 8 + 8 - (0 + 8).
9
What is the value of 0 + (